e 1 + 122 = 3*v. Suppose 46*j - 41*j - 25 = 0. Suppose -j = f - v. List the prime factors of f.
2, 3
Let w = -1816 + 3250. What are the prime factors of w?
2, 3, 239
Suppose 7*j - 18 = 4*j. Suppose j*g - 11 = 7. Suppose -g*n = -14 - 4. What are the prime factors of n?
2, 3
Let n(j) = -25*j - 14. Let h(o) = o - 1. Let b(a) = -6*h(a) - n(a). What are the prime factors of b(5)?
5, 23
List the prime factors of 2/(-19) - (-4734345)/1995.
3, 7, 113
Suppose 0 = -4*b + 7*b - 780. Suppose -2*m = m + k - 166, 5*m - b = -5*k. What are the prime factors of m?
3, 19
Suppose -l = -4*l + 12. Suppose 2*r = 6*r - 48. Suppose 3*v = 4*n - 149, l*v + r = -0*v. List the prime factors of n.
5, 7
Let j be (9/12)/(8/352). Let c = j - -31. List the prime factors of c.
2
Suppose 5*g + 5 = -0*s + 3*s, -2*s = 0. Let y(o) = -2*o**2 + 3*o. Let p be y(3). List the prime factors of ((-3)/p)/(g/(-123)).
41
Let q = 122 + -86. Let p be 1/(1 + (-32)/q). Suppose -b + p = -50. List the prime factors of b.
59
List the prime factors of (-1 - (-14)/6)*(90 + 81).
2, 3, 19
Suppose 4*q - 3 = f, -5*f + f = 5*q + 12. Let i be (q - (1 - 1)) + 37. Suppose 0*t - t = -2*u + i, 0 = -2*t - 2. List the prime factors of u.
2, 3
Let a = -9 + 9. Suppose 28 = 3*y + y + 4*n, n - 2 = a. Suppose -y*x + 2*x + 78 = 0. List the prime factors of x.
2, 13
Let b = 91 + -51. Suppose -3*y + b = -38. Let l = 14 + y. What are the prime factors of l?
2, 5
Let d(k) = k**2 + 5*k - 6. Let a be d(-10). Let v = -2 + a. What are the prime factors of v?
2, 3, 7
Suppose 0 = -28*g - 368 + 3476. What are the prime factors of g?
3, 37
Let b(i) = 5*i**3 - 6*i**2 - 9*i + 4. Let t(l) = 0*l**3 + 9*l - 6*l**2 - 17*l + 4*l**3 + 4. Let g(s) = 3*b(s) - 4*t(s). What are the prime factors of g(6)?
2, 13
List the prime factors of (-146616)/(-44) - (-36)/(-198).
2, 7, 17
Let q = -136 + 566. List the prime factors of q.
2, 5, 43
Let m be (-7 - (-1 + -4))*-2. Suppose -3*y + 148 + 38 = 3*j, -3*j + m*y + 193 = 0. List the prime factors of j.
3, 7
Let s = -52 + 122. What are the prime factors of s?
2, 5, 7
Suppose -d - 4*p + 6*p = -3, 0 = -4*p. Suppose 0 = -d*x + 1018 - 295. Suppose 2*a + 238 = 3*w + w, 4*w - a = x. List the prime factors of w.
61
Suppose 4 - 29 = 5*z. Let u(j) = 13*j + 8. Let i(g) = -39*g - 25. Let q(x) = 3*i(x) + 8*u(x). List the prime factors of q(z).
2, 3
Let c(l) = -l**2 - 16*l - 36. Let y be c(-12). Suppose t + y*t - 4108 = 0. List the prime factors of t.
2, 79
Let f be 0/(-1) + (-13)/(13/(-2)). Suppose -4*u + s = -312, -f*u - 5*s = -76 - 58. What are the prime factors of u?
7, 11
Let h(y) = 2*y**2 - 2. Let r be h(3). What are the prime factors of (7 - r)/((-2)/20)?
2, 3, 5
Suppose 2*g + 5*m - 112 = 0, 3*g + 5*m = 9*m + 168. List the prime factors of g.
2, 7
Let q(l) = 1 + 5*l - 3*l - 2*l + 3*l + 21*l**2. List the prime factors of q(2).
7, 13
Suppose -4*q = q. Suppose -2*o - p + 109 = q, 2*o - 3*p - 75 = 22. Let k = -14 + o. List the prime factors of k.
3, 13
Let i(g) = 21*g - 29. Let q be i(13). Suppose -r + 100 = -q. What are the prime factors of r?
2, 43
Let p be (-70)/8 - 3/12. Let f = 16 + p. Let r(u) = -u**2 + 10*u + 7. What are the prime factors of r(f)?
2, 7
Suppose -611 - 286 = -i - 3*b, 2*b + 2647 = 3*i. What are the prime factors of i?
3, 5, 59
Let x be (4/5)/((-6)/30). Let s(r) = -21*r - 9. Let v(b) = -7*b - 3. Let a(h) = 3*s(h) - 8*v(h). What are the prime factors of a(x)?
5
Let o = 10311 + -6016. What are the prime factors of o?
5, 859
Let k = -4 - -40. Let m = k - 15. Suppose -r - 2*a = -m, 2*r = -3*r - a + 60. List the prime factors of r.
11
Let y(v) = 1. Let u(q) = q**2 - 9*q + 4. Let m(t) = -t + 1. Let p(c) = 3*m(c) + u(c). Let g(k) = -p(k) - y(k). What are the prime factors of g(10)?
2, 3
Suppose -5*o + 3*o - 10 = 2*s, -2*s - o = 5. Suppose z + s*z = -5*p + 82, 3*p = 2*z - 112. What are the prime factors of z?
2, 31
Let n be 21/(1/(-1)) + 1. What are the prime factors of (-3)/(-2) - 2/(n/1435)?
5, 29
Let i be 66/14 + 2/7. Suppose 0 = 5*l - 25, i*p + l - 715 = -l. What are the prime factors of p?
3, 47
Let i(w) = 5 + 2*w + 572*w**3 - 7*w**2 - 287*w**3 - 286*w**3. Let f(r) = -r**3 + 6*r**2 - 8*r + 7. Let q be f(5). List the prime factors of i(q).
53
Suppose -c = c + 8. Let h be (-2)/5 - c/10. Suppose h = a + 4*a - 45. What are the prime factors of a?
3
Let a = 6775 + -2163. What are the prime factors of a?
2, 1153
Let o = 22 + -26. Let l = 4 + o. Suppose -3*j + 27 = 4*q, -3*q + 3*j + l + 15 = 0. List the prime factors of q.
2, 3
Let p(n) = -9*n + 11. Let d be p(5). Let m = d - -122. List the prime factors of m.
2, 11
Let d(o) = -6*o**3 + 2*o**2 + 5*o + 11. Let n be d(-5). List the prime factors of n/42 + 2/7 - 1.
2, 3
Let d be (120/25 - 0)*(-70)/(-3). Suppose 2*x = -l + 25, -4*l + x = -0*x - 118. Suppose 3*q = l + d. List the prime factors of q.
47
Let u = 3771 - 2194. What are the prime factors of u?
19, 83
What are the prime factors of (-22 - (-2296)/21)/(2/78)?
2, 13, 131
Let j(q) = 2*q + 6. Let o be j(-3). Suppose -55*k + 51*k + 32 = o. List the prime factors of k.
2
Let u(d) = -10*d + 148. What are the prime factors of u(-19)?
2, 13
Let z be (1/1)/(14/(-1316)). Let x = z + 98. List the prime factors of x.
2
Let u(x) = -x**3 - 5*x**2 + 2. Let y be u(-5). Suppose 3*s + 2*j - 220 = -y*j, 0 = -2*s - 4*j + 144. List the prime factors of s.
2, 19
Let l = 11 + 0. Let r = l + -11. What are the prime factors of r - 0 - (4 - 7)?
3
What are the prime factors of (-406)/(25/(-20) - 1/(-4))?
2, 7, 29
Let r(z) = 2*z + 16. Let j be r(14). Let x = j - 14. What are the prime factors of x?
2, 3, 5
Let m be 91 + -2 - (3 + -7). Let c be (1 - -4)*(2 + -1). Suppose -m + 18 = -c*j. What are the prime factors of j?
3, 5
Suppose -4*v + 0*v = -160. Suppose -v = -t - 2. What are the prime factors of t*(-1 + (-2)/(-1))?
2, 19
Suppose -4*s - 37 = -5. Let k be (4 + s)/((-4)/(-2)). Let m = k - -5. List the prime factors of m.
3
Suppose t + 3*n + 23 = 6*t, -4*n = -2*t + 12. Suppose 367 = -t*w + 1567. What are the prime factors of w?
2, 3, 5
Suppose 2*u - 261 - 987 = -h, u + 5001 = 4*h. What are the prime factors of h?
2, 5
Suppose -105*w + 7*w = -106624. What are the prime factors of w?
2, 17
Suppose 0 = -2*w - 108 - 240. Suppose 4*u = t - 3, -u + 6*t = 3*t - 2. List the prime factors of (u/3)/(2/w).
29
Suppose 399*b + 1117 = 400*b. What are the prime factors of b?
1117
Let i = 83 - 83. Let l be (0 - 5)*(-1)/1. Suppose l*b + 3*k = -2*k + 30, i = 5*k. List the prime factors of b.
2, 3
Suppose -2*g + 1 = -3. Suppose 2*j = -g*j - 56. Let h = -10 - j. What are the prime factors of h?
2
Let z(q) = q**3 - 3*q**2 - q - 1. Let y(p) = -p**3 + 6*p**2 + p - 2. Let a = 6 + 0. Let f be y(a). What are the prime factors of z(f)?
11
Let q(z) = z**3 - 28*z**2 - 28*z + 115. What are the prime factors of q(29)?
2, 3
Let i(z) = 5*z**3 + 3*z**2 - 9*z + 4. What are the prime factors of i(2)?
2, 19
Let a(z) = 2*z + 36. Let d be a(-11). Let o = 245 + d. What are the prime factors of o?
7, 37
Suppose -126*c - 5712 = -142*c. What are the prime factors of c?
3, 7, 17
Suppose 0 = q + 2*c - 1355 - 1101, -q - 5*c = -2450. List the prime factors of q.
2, 3, 5, 41
Let t(h) = h + 4. Let g be t(-4). Suppose 4*c = -g*c + 24. Let v = c - -3. List the prime factors of v.
3
Let h be 4/14 - (-104)/28. Let c(y) = 4*y + 16. List the prime factors of c(h).
2
Let d be 16/(-72) - 110/(-9). Let n = 85 - d. What are the prime factors of n?
73
What are the prime factors of (5/(-10))/((-1)/696)?
2, 3, 29
Suppose 50*s - 43*s - 3080 = 0. List the prime factors of s.
2, 5, 11
Suppose -10*n + 4*u - 16 = -14*n, -2*u - 4 = -2*n. Let r(l) = -l**2 - l - 1. Let c(j) = -8*j + 9. Let a(x) = c(x) - 2*r(x). List the prime factors of a(n).
11
Let v = 4 - 10. Let y be 132/v*(-3)/2. Let k = y + -21. What are the prime factors of k?
2, 3
Let c(t) = -10*t - 25. Suppose 1 = -7*d - 62. List the prime factors of c(d).
5, 13
Let v(z) = 8*z**2 - 21*z - 33. List the prime factors of v(-8).
647
Let l = -114 - -609. Suppose 0 = -4*w + 3*c + l, 3*c + 595 = 5*w + 4*c. List the prime factors of w.
2, 3, 5
Let j(c) = 18*c**2 + 4*c - 54. List the prime factors of j(8).
2, 5, 113
Let z(n) = 2*n**3 - 4*n**2 + 2*n + 1. Let s be z(2). Let f(t) = 9*t - 1. What are the prime factors of f(s)?
2, 11
Let a = 2